{"id":19,"date":"2026-04-21T08:44:30","date_gmt":"2026-04-21T08:44:30","guid":{"rendered":"https:\/\/transparencysuomi.fi\/?page_id=19"},"modified":"2026-04-21T10:52:41","modified_gmt":"2026-04-21T10:52:41","slug":"19-2","status":"publish","type":"page","link":"https:\/\/transparencysuomi.fi\/?page_id=19","title":{"rendered":"Transparency International Suomi"},"content":{"rendered":"\n<div class=\"wp-block-group alignfull is-style-section-2 has-contrast-color has-text-color has-link-color wp-elements-a880eb5a5b60f42288e621dd4cac4ef4 is-content-justification-space-between is-layout-flex wp-container-core-group-is-layout-3f94fa88 wp-block-group-is-layout-flex is-style-section-2--1\" style=\"padding-top:var(--wp--preset--spacing--30);padding-right:var(--wp--preset--spacing--30);padding-bottom:var(--wp--preset--spacing--30);padding-left:var(--wp--preset--spacing--30)\">\n<figure class=\"wp-block-image\"><img loading=\"lazy\" decoding=\"async\" width=\"246\" height=\"80\" src=\"https:\/\/transparencysuomi.fi\/wp-content\/uploads\/2026\/04\/kapeapieni-Transparent-TI-Suomi-tausta-\u2013-kopio.png\" alt=\"\" class=\"wp-image-22\"\/><\/figure>\n\n\n<nav class=\"is-responsive items-justified-right wp-block-navigation is-content-justification-right is-layout-flex wp-container-core-navigation-is-layout-f665d2b5 wp-block-navigation-is-layout-flex\" aria-label=\"Navigaatio\" \n\t\t data-wp-interactive=\"core\/navigation\" data-wp-context='{\"overlayOpenedBy\":{\"click\":false,\"hover\":false,\"focus\":false},\"type\":\"overlay\",\"roleAttribute\":\"\",\"ariaLabel\":\"Valikko\"}'><button aria-haspopup=\"dialog\" aria-label=\"Avaa valikko\" class=\"wp-block-navigation__responsive-container-open always-shown\" \n\t\t\t\tdata-wp-on--click=\"actions.openMenuOnClick\"\n\t\t\t\tdata-wp-on--keydown=\"actions.handleMenuKeydown\"\n\t\t\t><svg width=\"24\" height=\"24\" xmlns=\"http:\/\/www.w3.org\/2000\/svg\" viewBox=\"0 0 24 24\" aria-hidden=\"true\" focusable=\"false\"><path d=\"M4 7.5h16v1.5H4z\"><\/path><path d=\"M4 15h16v1.5H4z\"><\/path><\/svg><\/button>\n\t\t\t\t<div class=\"wp-block-navigation__responsive-container hidden-by-default\"  id=\"modal-2\" \n\t\t\t\tdata-wp-class--has-modal-open=\"state.isMenuOpen\"\n\t\t\t\tdata-wp-class--is-menu-open=\"state.isMenuOpen\"\n\t\t\t\tdata-wp-watch=\"callbacks.initMenu\"\n\t\t\t\tdata-wp-on--keydown=\"actions.handleMenuKeydown\"\n\t\t\t\tdata-wp-on--focusout=\"actions.handleMenuFocusout\"\n\t\t\t\ttabindex=\"-1\"\n\t\t\t>\n\t\t\t\t\t<div class=\"wp-block-navigation__responsive-close\" tabindex=\"-1\">\n\t\t\t\t\t\t<div class=\"wp-block-navigation__responsive-dialog\" \n\t\t\t\tdata-wp-bind--aria-modal=\"state.ariaModal\"\n\t\t\t\tdata-wp-bind--aria-label=\"state.ariaLabel\"\n\t\t\t\tdata-wp-bind--role=\"state.roleAttribute\"\n\t\t\t>\n\t\t\t\t\t\t\t<button aria-label=\"Sulje valikko\" class=\"wp-block-navigation__responsive-container-close\" \n\t\t\t\tdata-wp-on--click=\"actions.closeMenuOnClick\"\n\t\t\t><svg xmlns=\"http:\/\/www.w3.org\/2000\/svg\" viewBox=\"0 0 24 24\" width=\"24\" height=\"24\" aria-hidden=\"true\" focusable=\"false\"><path d=\"m13.06 12 6.47-6.47-1.06-1.06L12 10.94 5.53 4.47 4.47 5.53 10.94 12l-6.47 6.47 1.06 1.06L12 13.06l6.47 6.47 1.06-1.06L13.06 12Z\"><\/path><\/svg><\/button>\n\t\t\t\t\t\t\t<div class=\"wp-block-navigation__responsive-container-content\" \n\t\t\t\tdata-wp-watch=\"callbacks.focusFirstElement\"\n\t\t\t id=\"modal-2-content\">\n\t\t\t\t\t\t\t\t<ul class=\"wp-block-navigation__container is-responsive items-justified-right wp-block-navigation\"><ul class=\"wp-block-page-list\"><li class=\"wp-block-pages-list__item wp-block-navigation-item open-on-hover-click\"><a class=\"wp-block-pages-list__item__link wp-block-navigation-item__content\" href=\"https:\/\/transparencysuomi.fi\/?page_id=2\">J\u00e4rjest\u00f6st\u00e4<\/a><\/li><li class=\"wp-block-pages-list__item wp-block-navigation-item open-on-hover-click\"><a class=\"wp-block-pages-list__item__link wp-block-navigation-item__content\" href=\"https:\/\/transparencysuomi.fi\/?page_id=19\">Transparency International Suomi<\/a><\/li><li class=\"wp-block-pages-list__item wp-block-navigation-item open-on-hover-click\"><a class=\"wp-block-pages-list__item__link wp-block-navigation-item__content\" href=\"https:\/\/transparencysuomi.fi\/?page_id=27\">Uutiset<\/a><\/li><\/ul><\/ul>\n\t\t\t\t\t\t\t<\/div>\n\t\t\t\t\t\t<\/div>\n\t\t\t\t\t<\/div>\n\t\t\t\t<\/div><\/nav><\/div>\n\n\n\n<div class=\"wp-block-group alignfull has-global-padding is-layout-constrained wp-container-core-group-is-layout-0c9c989a wp-block-group-is-layout-constrained\" style=\"min-height:0vh;margin-top:0;margin-bottom:0;padding-top:var(--wp--preset--spacing--70);padding-right:var(--wp--preset--spacing--40);padding-bottom:var(--wp--preset--spacing--70);padding-left:var(--wp--preset--spacing--40)\">\n<div class=\"wp-block-group has-global-padding is-layout-constrained wp-container-core-group-is-layout-346627ba wp-block-group-is-layout-constrained\">\n<h2 class=\"wp-block-heading has-text-align-center has-xx-large-font-size\" style=\"margin-right:0;margin-left:0;padding-right:0;padding-left:0\">Transparency International Suomi Ry<\/h2>\n\n\n\n<p class=\"has-text-align-center\">Transparency International Suomi ry (TI Suomi) on itsen\u00e4inen, poliittisesti riippumaton ja voittoa tavoittelematon yhdistys, jonka tarkoituksena on ehk\u00e4ist\u00e4 korruptiota ja edist\u00e4\u00e4 l\u00e4pin\u00e4kyvyytt\u00e4, vastuullisuutta, eettisyytt\u00e4 ja rehellisyytt\u00e4 yhteiskunnan eri alueilla.<\/p>\n\n\n\n<p class=\"has-text-align-center\">Transparency International Suomi edist\u00e4\u00e4 toiminnallaan oikeusvaltion periaatteiden toteutumista. J\u00e4rjest\u00f6 on toiminut Suomessa vuodesta 2003 .<\/p>\n\n\n\n<div class=\"wp-block-buttons is-content-justification-center is-layout-flex wp-container-core-buttons-is-layout-a89b3969 wp-block-buttons-is-layout-flex\">\n<div class=\"wp-block-button\"><a class=\"wp-block-button__link wp-element-button\">Tavoitteemme ja toimintatapamme<\/a><\/div>\n<\/div>\n<\/div>\n<\/div>\n\n\n\n<div class=\"wp-block-group alignfull is-style-section-1 has-global-padding is-layout-constrained wp-block-group-is-layout-constrained is-style-section-1--3\" style=\"margin-top:0;margin-bottom:0;padding-top:var(--wp--preset--spacing--80);padding-bottom:var(--wp--preset--spacing--80)\">\n<div class=\"wp-block-columns alignwide is-layout-flex wp-container-core-columns-is-layout-66fad18a wp-block-columns-is-layout-flex\">\n<div class=\"wp-block-column is-layout-flow wp-block-column-is-layout-flow\" style=\"padding-right:var(--wp--preset--spacing--50);flex-basis:45%\">\n<figure class=\"wp-block-image size-full\"><img loading=\"lazy\" decoding=\"async\" width=\"1011\" height=\"1011\" src=\"https:\/\/transparencysuomi.fi\/wp-content\/uploads\/2026\/04\/media-1548680367.png\" alt=\"\" class=\"wp-image-12\" srcset=\"https:\/\/transparencysuomi.fi\/wp-content\/uploads\/2026\/04\/media-1548680367.png 1011w, https:\/\/transparencysuomi.fi\/wp-content\/uploads\/2026\/04\/media-1548680367-300x300.png 300w, https:\/\/transparencysuomi.fi\/wp-content\/uploads\/2026\/04\/media-1548680367-150x150.png 150w, https:\/\/transparencysuomi.fi\/wp-content\/uploads\/2026\/04\/media-1548680367-768x768.png 768w\" sizes=\"auto, (max-width: 1011px) 100vw, 1011px\" \/><\/figure>\n\n\n\n<div class=\"wp-block-group has-global-padding is-layout-constrained wp-block-group-is-layout-constrained\" style=\"margin-top:-12vw\"><\/div>\n<\/div>\n\n\n\n<div class=\"wp-block-column is-vertically-aligned-center is-layout-flow wp-block-column-is-layout-flow\" style=\"padding-right:0;padding-left:0;flex-basis:50%\">\n<p class=\"is-style-text-subtitle is-style-text-subtitle--4\">TI Suomi keskittyy kotimaiseen edunvalvontaan ja toimii l\u00e4heisess\u00e4 yhteisty\u00f6ss\u00e4 muun kansalaisyhteiskunnan ja sidosryhmien kanssa.  TI Suomi on kuunteleva organisaatio. Toiminnassa keskityt\u00e4\u00e4n asiasis\u00e4lt\u00f6\u00f6n, oppimiseen sek\u00e4 viestint\u00e4\u00e4n yhdistyksen tuottamista aineistoista, toiminnasta ja toiminnan vaikuttavuudesta.\u00a0<\/p>\n\n\n\n<p>TI Suomi vahvistaa toimintansa strategista otetta ja suunnitelmallisuutta jonka tavoitteet tulee perustumaan entist\u00e4 j\u00e4rjestelm\u00e4llisemmin yll\u00e4pidettyyn kansalliseen ja kansainv\u00e4liseen tilannekuvaan. L\u00e4hestymme asioita kansainv\u00e4lisesti ja toimimme paikallisesti<\/p>\n<\/div>\n<\/div>\n<\/div>\n\n\n\n<div class=\"wp-block-group alignfull has-global-padding is-layout-constrained wp-container-core-group-is-layout-ebee8dc1 wp-block-group-is-layout-constrained\" style=\"margin-top:0;margin-bottom:0;padding-top:var(--wp--preset--spacing--50);padding-bottom:var(--wp--preset--spacing--50)\">\n<div class=\"wp-block-columns alignwide is-layout-flex wp-container-core-columns-is-layout-28f84493 wp-block-columns-is-layout-flex\">\n<div class=\"wp-block-column is-layout-flow wp-block-column-is-layout-flow\">\n<h3 class=\"wp-block-heading\"><strong>Transparency International Suomi Ry<\/strong><\/h3>\n\n\n\n<p class=\"has-medium-font-size\">Kansainv\u00e4lisesti korruptiona k\u00e4sitet\u00e4\u00e4n julkisen talouden vuotokohdat ja ep\u00e4tehokkuudet kaikissa muodoissaan. Suomen sana korruptio viittaa lahjontamuotoiseen korruptioon mink\u00e4 Suomen laki tunnistaa.<\/p>\n\n\n\n<p>Suomalaiset esiintyv\u00e4t tutkimuksissa lainkuuliaisuudessaan maailman k\u00e4rjess\u00e4. Julkiset hankinnat, julkisen omaisuuden k\u00e4ytt\u00f6, julkiset menot, yhti\u00f6itt\u00e4miset sek\u00e4 sidonnaisuuksien avoimuus ovat asioita joissa meill\u00e4 on merkitt\u00e4vi\u00e4 ongelmia. Vaikka ei juuri n\u00e4hd\u00e4 lahjontaa tai lahjuksia asioitaessa julkisen vallan kanssa, vastapalvelukset luottamushenkil\u00f6iden kanssa on Suomessa huolestuttavasti yht\u00e4 hyv\u00e4ksyttyj\u00e4 kuin Euroopan unionin maissa keskim\u00e4\u00e4rin.<\/p>\n\n\n\n<p class=\"has-medium-font-size\">Suomi on kuitenkin erityisen haavoittuvainen yhteisen p\u00e4\u00e4t\u00f6ksenteon v\u00e4\u00e4ristymille verrattuna moniin maihin kun valtakunnan talous on riippuvainen julkisesta taloudesta \u2013 hyv\u00e4 hallinto on meille kriittinen menestystekij\u00e4.<\/p>\n<\/div>\n\n\n\n<div class=\"wp-block-column is-layout-flow wp-block-column-is-layout-flow\">\n<h3 class=\"wp-block-heading\"><strong><strong>Transparency International<\/strong><\/strong><\/h3>\n\n\n\n<p class=\"has-medium-font-size\">Transparency International (TI) toimii yli 100 maassa avoimuuden puolesta ja korruptiota vastaan. TI keskittyy korruption torjuntaan ja ennalta ehk\u00e4isemiseen laaja-alaisesti ja yhteisty\u00f6ss\u00e4 muiden alan j\u00e4rjest\u00f6jen kanssa. Toiminnallaan Se pyrkii muuttamaan rakenteita ja j\u00e4rjestelmi\u00e4, jotka mahdollistavat korruption. TI ei siis ole tuomari, vaan l\u00e4\u00e4k\u00e4ri.<\/p>\n\n\n\n<p>TI tutkii korruption eri muotoja ja sen esiintyvyytt\u00e4, pyrkii jakamaan siit\u00e4 asiantuntevaa tietoa ja edist\u00e4\u00e4 kansainv\u00e4list\u00e4 korruption vastaista ty\u00f6t\u00e4. TI:n yhteisty\u00f6henkeen sopii hyvin se, ett\u00e4 sill\u00e4 on yhteisty\u00f6kumppaneina monta kansainv\u00e4list\u00e4 j\u00e4rjest\u00f6\u00e4, mm. monet ihmisoikeusj\u00e4rjest\u00f6t ja YK.<\/p>\n\n\n\n<p class=\"has-medium-font-size\">TI perustettiin toukokuussa 1993 TI:n puheenjohtajan Peter Eigenin johdolla. Mukana oli joukko eri alan ammattilaisia ja asiantuntijoita, jotka olivat n\u00e4hneet kansainv\u00e4lisen korruption tuhoisat vaikutukset ja halusivat omalta osaltaan tukea sen eliminointia.<\/p>\n<\/div>\n\n\n\n<div class=\"wp-block-column is-layout-flow wp-block-column-is-layout-flow\">\n<h3 class=\"wp-block-heading\"><strong>TI Suomen missio<\/strong><\/h3>\n\n\n\n<p class=\"has-medium-font-size\">Olemme yritt\u00e4neet pit\u00e4\u00e4 huolen siit\u00e4, ett\u00e4 kaikki mit\u00e4 me teemme on linjassa emoj\u00e4rjest\u00f6mme asettamien tavoitteiden kanssa. Olemme kuitenkin suomalainen, Suomen lakien ja asetusten mukaan toimiva j\u00e4rjest\u00f6, jonka s\u00e4\u00e4nn\u00f6t on hyv\u00e4ksynyt patentti- ja rekisterihallitus. &nbsp;<\/p>\n\n\n\n<p>Yhdistyksen toimintaa johtaa hallitus, jonka j\u00e4senet ovat sitoutuneeet s\u00e4\u00e4nn\u00f6iss\u00e4 m\u00e4\u00e4riteltyihin periaatteisiin ja toimintatapoihin. Yhdistyksen hallituksen valitsee yhdistyksen vuosikokous. Hallitus toimikausi on yksi vuosi. Hallituksen j\u00e4senyyteen sovellamme viiden vuoden rotaatios\u00e4\u00e4nt\u00f6\u00e4. Yhdistys rahoittaa toimintansa j\u00e4senmaksuilla, projektim\u00e4\u00e4r\u00e4rahoilla ja muilla avustuksilla yhdistyksen toimintaan.&nbsp;<\/p>\n\n\n\n<p class=\"has-medium-font-size\">Me olemme avoin, rehellinen ja vastuullinen yhteisty\u00f6kumppani kaikille niille tahoille, jotka meit\u00e4 l\u00e4hestyv\u00e4t ja joiden kanssa me yhteisty\u00f6t\u00e4 teemme. Eettisen toiminnan mahdollisissa ongelmatilanteissa teemme yhteisty\u00f6t\u00e4 emoj\u00e4rjest\u00f6mme kanssa.<\/p>\n<\/div>\n<\/div>\n<\/div>\n","protected":false},"excerpt":{"rendered":"<p>Transparency International Suomi Ry Transparency International Suomi ry (TI Suomi) on itsen\u00e4inen, poliittisesti riippumaton ja voittoa tavoittelematon yhdistys, jonka tarkoituksena on ehk\u00e4ist\u00e4 korruptiota ja edist\u00e4\u00e4 l\u00e4pin\u00e4kyvyytt\u00e4, vastuullisuutta, eettisyytt\u00e4 ja rehellisyytt\u00e4 yhteiskunnan eri alueilla. Transparency International Suomi edist\u00e4\u00e4 toiminnallaan oikeusvaltion periaatteiden toteutumista. J\u00e4rjest\u00f6 on toiminut Suomessa vuodesta 2003 . TI Suomi keskittyy kotimaiseen edunvalvontaan ja toimii [&hellip;]<\/p>\n","protected":false},"author":1,"featured_media":42,"parent":0,"menu_order":0,"comment_status":"closed","ping_status":"closed","template":"page-no-title","meta":{"footnotes":""},"class_list":["post-19","page","type-page","status-publish","has-post-thumbnail","hentry"],"_links":{"self":[{"href":"https:\/\/transparencysuomi.fi\/index.php?rest_route=\/wp\/v2\/pages\/19","targetHints":{"allow":["GET"]}}],"collection":[{"href":"https:\/\/transparencysuomi.fi\/index.php?rest_route=\/wp\/v2\/pages"}],"about":[{"href":"https:\/\/transparencysuomi.fi\/index.php?rest_route=\/wp\/v2\/types\/page"}],"author":[{"embeddable":true,"href":"https:\/\/transparencysuomi.fi\/index.php?rest_route=\/wp\/v2\/users\/1"}],"replies":[{"embeddable":true,"href":"https:\/\/transparencysuomi.fi\/index.php?rest_route=%2Fwp%2Fv2%2Fcomments&post=19"}],"version-history":[{"count":7,"href":"https:\/\/transparencysuomi.fi\/index.php?rest_route=\/wp\/v2\/pages\/19\/revisions"}],"predecessor-version":[{"id":56,"href":"https:\/\/transparencysuomi.fi\/index.php?rest_route=\/wp\/v2\/pages\/19\/revisions\/56"}],"wp:featuredmedia":[{"embeddable":true,"href":"https:\/\/transparencysuomi.fi\/index.php?rest_route=\/wp\/v2\/media\/42"}],"wp:attachment":[{"href":"https:\/\/transparencysuomi.fi\/index.php?rest_route=%2Fwp%2Fv2%2Fmedia&parent=19"}],"curies":[{"name":"wp","href":"https:\/\/api.w.org\/{rel}","templated":true}]}}